 2851561538?
2, 7, 17, 509, 23539
List the prime factors of 82912589.
2749, 30161
List the prime factors of 551004874.
2, 7, 89, 163, 2713
List the prime factors of 234602870.
2, 5, 331, 70877
List the prime factors of 101358555.
3, 5, 47, 109, 1319
What are the prime factors of 349417488?
2, 3, 7, 107, 9719
What are the prime factors of 212840386?
2, 11, 83, 229, 509
List the prime factors of 15695129.
43, 365003
List the prime factors of 23470497.
3, 271, 9623
List the prime factors of 1018482604.
2, 254620651
List the prime factors of 261295491.
3, 17, 5123441
What are the prime factors of 6645106?
2, 13, 131, 1951
List the prime factors of 382451585.
5, 5701, 13417
What are the prime factors of 85581968?
2, 151, 35423
What are the prime factors of 105218113?
7, 11, 13, 257, 409
What are the prime factors of 1428670003?
1428670003
List the prime factors of 36213501.
3, 12071167
List the prime factors of 178219554.
2, 3, 29703259
List the prime factors of 533883120.
2, 3, 5, 2224513
List the prime factors of 74247988.
2, 18561997
List the prime factors of 5192651223.
3, 263, 2193769
List the prime factors of 1218364066.
2, 29, 21006277
List the prime factors of 586377215.
5, 101, 1161143
What are the prime factors of 157970882?
2, 71, 1112471
List the prime factors of 743914199.
7, 67, 157, 10103
What are the prime factors of 4531751969?
17929, 252761
What are the prime factors of 680558001?
3, 53, 229, 18691
List the prime factors of 370405594.
2, 13, 37, 83, 4639
What are the prime factors of 1669191280?
2, 5, 29, 31, 23209
What are the prime factors of 205389338?
2, 7, 11, 1333697
List the prime factors of 1333736929.
7, 41, 663881
What are the prime factors of 21248542?
2, 7, 1517753
List the prime factors of 1596225005.
5, 113, 197, 14341
What are the prime factors of 60399040?
2, 5, 13, 14519
List the prime factors of 3397297670.
2, 5, 13, 131, 199489
What are the prime factors of 74369068?
2, 443, 41969
What are the prime factors of 129459162?
2, 3, 7, 31, 99431
List the prime factors of 5868660415.
5, 1173732083
List the prime factors of 756409965.
3, 5, 50427331
List the prime factors of 33305029.
5623, 5923
List the prime factors of 347237799.
3, 115745933
What are the prime factors of 2800877695?
5, 7, 11, 7275007
List the prime factors of 4139339649.
3, 1379779883
List the prime factors of 250921320.
2, 3, 5, 13, 239, 673
List the prime factors of 891516963.
3, 59, 131, 38449
What are the prime factors of 6161717?
29, 179, 1187
List the prime factors of 11513591.
181, 63611
What are the prime factors of 24994482?
2, 3, 53, 1483
List the prime factors of 1326976287.
3, 7, 13, 29, 167611
List the prime factors of 51347012.
2, 12836753
What are the prime factors of 44884810?
2, 5, 97, 46273
What are the prime factors of 83654814?
2, 3, 13942469
What are the prime factors of 48116878?
2, 467, 51517
What are the prime factors of 14652874?
2, 131, 55927
What are the prime factors of 160558213?
160558213
What are the prime factors of 5699444147?
31, 37, 149, 33349
What are the prime factors of 26200713?
3, 7, 11, 101, 1123
List the prime factors of 977115304.
2, 11, 11103583
List the prime factors of 4125900613.
4125900613
List the prime factors of 511043337.
3, 7, 79, 3803
What are the prime factors of 258145040?
2, 5, 599, 5387
What are the prime factors of 1464436973?
1709, 856897
List the prime factors of 873253725.
3, 5, 31, 375593
What are the prime factors of 162625439?
137, 1187047
List the prime factors of 4319115527.
20333, 212419
What are the prime factors of 148120509?
3, 37, 43, 31033
What are the prime factors of 1772900835?
3, 5, 23, 241, 21323
List the prime factors of 75801500.
2, 5, 151603
List the prime factors of 36074296.
2, 4509287
What are the prime factors of 41106095?
5, 8221219
What are the prime factors of 1855920176?
2, 11, 223, 47287
List the prime factors of 36327141.
3, 4036349
List the prime factors of 653691089.
17, 101, 317, 1201
List the prime factors of 235698730.
2, 5, 577, 40849
List the prime factors of 134213393.
37, 397, 9137
List the prime factors of 28285379.
599, 47221
List the prime factors of 125228051.
13, 9632927
What are the prime factors of 674933013?
3, 89, 280871
List the prime factors of 39597810.
2, 3, 5, 7, 193, 977
What are the prime factors of 1531737850?
2, 5, 30634757
What are the prime factors of 294873001?
294873001
What are the prime factors of 849267418?
2, 7723, 54983
List the prime factors of 621404448.
2, 3, 7, 924709
What are the prime factors of 26022471?
3, 853, 10169
What are the prime factors of 45017972?
2, 17, 662029
List the prime factors of 53321543.
11, 19, 255127
List the prime factors of 96326857.
11, 107, 223, 367
What are the prime factors of 2615597097?
3, 1249, 698051
List the prime factors of 537432087.
3, 179144029
What are the prime factors of 90388245?
3, 5, 79, 83, 919
List the prime factors of 40664656.
2, 2541541
What are the prime factors of 2754016400?
2, 5, 6885041
List the prime factors of 308711653.
17, 109, 166601
What are the prime factors of 4059301140?
2, 3, 5, 17, 179, 7411
What are the prime factors of 144245947?
144245947
What are the prime factors of 50625529?
41, 1234769
What are the prime factors of 35195514?
2, 3, 5865919
What are the prime factors of 177618668?
2, 3697, 12011
List the prime factors of 21113284.
2, 5278321
List the prime factors of 1371588132.
2, 3, 263, 434597
List the prime factors of 1894467142.
2, 947233571
What are the prime factors of 1075374812?
2, 268843703
What are the prime factors of 14045674?
2, 19, 113, 3271
What are the prime factors of 26497127?
23, 349, 3301
List the prime factors of 37311496.
2, 67, 151, 461
List the prime factors of 3516014069.
17, 331, 624847
List the prime factors of 5660670796.
2, 11, 157, 819437
What are the prime factors of 4976919?
3, 552991
What are the prime factors of 87219012?
2, 3, 1697, 4283
What are the prime factors of 2639133055?
5, 13, 313, 129719
List the prime factors of 27201241.
17, 43, 127, 293
List the prime factors of 33591535.
5, 331, 20297
What are the prime factors of 2543626019?
11, 41, 5639969
List the prime factors of 1134845985.
3, 5, 7, 13, 31, 2063
List the prime factors of 48728979.
3, 13, 138829
What are the prime factors of 29335393?
31, 733, 1291
List the prime factors of 4433321670.
2, 3, 5, 147777389
What are the prime factors of 21536035?
5, 37, 116411
What are the prime factors of 5645083179?
3, 19, 99036547
What are the prime factors of 1937470620?
2, 3, 5, 17, 1899481
What are the prime factors of 1242097739?
31, 83, 482743
List the prime factors of 4347017820.
2, 3, 5, 2011, 4003
List the prime factors of 40199452.
2, 29, 346547
What are the prime factors of 433038863?
433038863
List the prime factors of 105356723.
37, 2847479
What are the prime factors of 145765386?
2, 3, 13, 207643
What are the prime factors of 210738821?
1181, 178441
What are the prime factors of 83250963?
3, 3083369
What are the prime factors of 790725233?
17, 2503, 18583
List the prime factors of 296779598.
2, 148389799
List the prime factors of 8118596494.
2, 67, 60586541
List the prime factors of 1028413793.
11, 17, 283, 19433
What are the prime factors of 3986919?
3, 442991
List the prime factors of 692080667.
692080667
What are the prime factors of 4253646857?
17, 250214521
What are the prime factors of 631758010?
2, 5, 13, 397, 12241
List the prime factors of 47399093.
7, 31, 113, 1933
List the prime factors of 786601946.
2, 13, 739, 40939
List the prime factors of 317671403.
7, 41, 79, 14011
What are the prime factors of 797879742?
2, 3, 11, 12089087
List the prime factors of 1009231199.
43, 23470493
List the prime factors of 148801711.
19, 7831669
What are the prime factors of 2534202286?
2, 7, 11, 2350837
List the prime factors of 2420689788.
2, 3, 11, 131, 46663
List the prime factors of 594389868.
2, 3, 241, 205529
List the prime factors of 29668191.
3, 7, 37, 38183
List the prime factors of 220183507.
17, 67, 79, 2447
List the prime factors of 85884991.
85884991
What are the prime factors of 225821968?
2, 1153, 12241
What are the prime factors of 891071061?
3, 297023687
What are the prime factors of 117571087?
117571087
What are the prime factors of 568